units digit of b?
1
Let s be 1/3 - 215/15. What is the tens digit of -1*(-1 + s + 2)?
1
Suppose 20 + 10 = 3*z. Suppose 0*x - z = -5*x. What is the units digit of x?
2
Suppose -2*r = r. Suppose 9 = 3*j - r*j. Suppose j*o = o + 4*x + 22, -4*o = 2*x - 54. What is the tens digit of o?
1
Suppose -3 = -3*j - 0*j. What is the units digit of (0 - j)/(9/(-9))?
1
Let i(o) = o**3 + 3*o**2 - 3*o - 2. Let x = -23 - -40. Suppose a - x = -5*g, 2*g - 4*g + 20 = -4*a. What is the units digit of i(a)?
7
Let v(x) = x**2 + 7*x - 5. Let b be v(-10). Suppose 2*a + 126 = -5*p, -3*p + 0*p = 0. What is the tens digit of a/(-5) - (-10)/b?
1
Let z(w) be the second derivative of w**5/20 + w**4/2 + w**3/6 - 3*w**2 + 2*w. What is the tens digit of z(-5)?
1
Let m(w) = -w + 10. Let n be m(8). Suppose 0 = -4*r + n*r. Suppose -o + 21 + 0 = 3*k, -o = r. What is the units digit of k?
7
What is the tens digit of (45/(-12))/((-1)/12)?
4
Suppose -4*x + 0*x - 3*r - 1 = 0, -5*r = -5. Let t = 0 + -1. What is the units digit of 5 + (t - x) - 0?
5
Let q = -133 - -352. What is the tens digit of q?
1
Suppose 0 = 3*i + 12, -3*b - 2*b - 2*i = 3. What is the units digit of 2 + (b*6)/3?
4
Let s be -1*(-3)/((-9)/(-15)). Suppose 9 = 4*g + b, -29 = 3*g - 7*g - s*b. What is the units digit of 5/2 - g/2?
2
Let g(t) = -t**3 - 4 + 4 + 5 - 2*t**2. What is the units digit of g(-4)?
7
Suppose -2*p + p = 5. Let s = 9 + p. What is the units digit of s?
4
Suppose 0 = 2*w - 3*v + 72, -2*w + 6*w - 5*v = -144. Let j = w + 67. What is the tens digit of j?
3
Let v = -11 + 18. What is the units digit of v?
7
Suppose 2*r - 4*r + 40 = 0. Let x be (1/3)/(2/24). Let p = r - x. What is the tens digit of p?
1
Let g(s) = 3*s - 3. Let d be g(-6). Let c = -11 - d. What is the units digit of c?
0
Let k(g) be the second derivative of g**4/6 + 7*g**3/6 - 4*g**2 + g. Let q be k(-6). Suppose 3*a + q = w - a, -2*a = w + 8. What is the units digit of w?
2
Let d(m) be the first derivative of m**3/3 + 7*m**2/2 + 7*m - 2. What is the units digit of d(-8)?
5
Let x(r) = -r**2 + 9*r - 7. What is the tens digit of x(6)?
1
Let x(r) be the second derivative of -r**3/3 - 3*r**2 - 3*r. What is the units digit of x(-5)?
4
Suppose 0 = -4*y - 8 + 20. Suppose 13 = -w + 5*k, -3*w - 4*k + 25 = -y*k. Suppose 0*q + w = q. What is the units digit of q?
7
Suppose -4*a = -2*q - 454, -a + 40 = 3*q - 63. What is the tens digit of a?
1
What is the tens digit of 0/10 + (-76)/(-2)?
3
Let b be (-4)/(-3)*3*1. Suppose -2*g + 3*c = -28, -b*g = -2*g - c - 24. What is the units digit of g?
1
Let j = -44 - -150. What is the tens digit of j?
0
Let q be 9/6 + 3/6. Suppose -5*v - 11 = -q*s - 0*s, -v = -3*s + 10. Suppose -72 = -5*b - s*k, -3*b - b + 40 = -2*k. What is the tens digit of b?
1
Let b = -30 + 50. What is the tens digit of b?
2
Suppose h + 1 - 5 = 0. Suppose 4*v + 95 = 5*d, 0*d + 3*v - 45 = -h*d. What is the units digit of d?
5
Suppose 5*f = 2*x + 5, 2*f + 2*x = 4*f - 2. Let v be -2*(-1)/2*15. Let r = v + f. What is the tens digit of r?
1
Suppose 4*u = -3*u + 1393. What is the units digit of u?
9
Suppose -t = 2 - 3, 2*g - 9 = -3*t. Let i be (-8)/g*(-9)/6. Suppose -5*j + 20 = 5*u, i*u - 4 = 2*j - 3*j. What is the units digit of j?
4
Let b = -12 - -16. Suppose -o - b*l + 8 = l, 5*o + 5*l - 120 = 0. What is the units digit of o?
8
Let g = -16 + 11. What is the units digit of (g + 0)*(-4)/4?
5
Let g(q) = -5 - 2*q + 1 + 0 - 2. Let x be g(-6). Let t = 0 + x. What is the units digit of t?
6
Let j = 42 + -20. Suppose -k + 5*f - f + 20 = 0, -j = -2*k - f. What is the units digit of k?
2
Let t(a) = -a**2 - 6*a + 2. Let g be t(-6). Suppose 5*w - g*w = 57. What is the units digit of w?
9
Let p(f) = f**3 + 9*f**2 + 6*f + 1. Let q(t) = 8*t. Let o be q(-1). What is the tens digit of p(o)?
1
Let p(o) = -15*o + 1. Let g be (24/30)/((-2)/(-10)). Suppose g*c - 20 = -t - 5, 0 = 4*t + c. What is the units digit of p(t)?
6
Let u(o) be the third derivative of o**7/120 - o**5/120 + o**3/3 + o**2. Let r(q) be the first derivative of u(q). What is the units digit of r(1)?
6
Let t(z) = -z**3 - 8*z**2 - 7*z - 16. What is the tens digit of t(-8)?
4
Let h = -7 + 10. What is the units digit of 30 - 2/(h - 2)?
8
Suppose 3*v - 2 = 4. Let s be v + (-1 + 1)/(-1). Suppose -3*m + 8 = 2*a, 7*m - 4*a = s*m + 50. What is the units digit of m?
6
Suppose -15*n + 16*n = 67. What is the units digit of n?
7
Let g = -4 - -4. Suppose 2*b - 2*j + 0*j - 22 = g, 5*j = -b - 7. What is the units digit of b?
8
Let z(r) = -r**2 + 4. Let g be ((-2)/(-6)*0)/(-2). Let q be z(g). Suppose 33 = 2*s - 0*s + 3*x, q*s - 62 = -2*x. What is the tens digit of s?
1
What is the units digit of (3 - -46) + 1*(-5)/5?
8
Let h = 124 + -117. What is the units digit of h?
7
Let h(s) = -4*s - 14. Let y = 8 + -19. What is the tens digit of h(y)?
3
Let c be ((-4)/6)/(14/1386). Let s = c + 92. What is the units digit of s?
6
Let j(q) = 4*q**2 - 2*q - 12. What is the tens digit of j(-5)?
9
Let u(n) = 2*n**2 + 11*n - 6. Let r(a) = -a**2 - 4*a + 2. Let w(o) = -11*r(o) - 4*u(o). Let z be w(-2). Let v = 23 - z. What is the units digit of v?
9
Suppose -q + g = 9, -4*q + g = -2*g + 34. Let h(b) = -b + 1. What is the units digit of h(q)?
8
Let c be 2*((-3)/(-2) - -1). Suppose -17 = -k - 5*d + 29, -3*k = -4*d - 100. Suppose k = c*p - 2*p. What is the tens digit of p?
1
Let q = 13 - -4. What is the tens digit of q?
1
Let x be 1/1*(2 - 2). Let f = x + 16. Let z = -7 + f. What is the units digit of z?
9
Suppose 0 = -6*w + 617 + 511. What is the hundreds digit of w?
1
Let z be (15 - 0 - 0) + 2. Suppose 3*j - 28 = z. What is the tens digit of j?
1
Suppose 3*b + 15 = 0, -2*c + 5*c + 5*b = 41. Suppose 3*f + 27 = 3*h, 4*h + 6 = 3*f + 32. Let r = c + f. What is the units digit of r?
2
Let d = -9 + 4. Let t = d + 0. What is the units digit of ((-2)/t - 0)*20?
8
Suppose -2*p + 10 = -0. Suppose -4*u + 96 = 5*o - 0, -84 = -4*o - p*u. What is the tens digit of o?
1
Let i = -4 + 3. Let w = i - -2. What is the units digit of 1/((-3)/(-9)*w)?
3
Let k(f) = -f**3 + 5*f**2 - 5*f + 6. Let x be k(4). Suppose 0*q + x*q - 6 = 0, 34 = 4*w + 2*q. What is the units digit of w?
7
Let b(r) = r**2 + 16*r + 21. What is the units digit of b(-15)?
6
Let j be (4/(-6))/(4/(-102)). Suppose j = 4*s - 3. Suppose s*q = 5*z + 3 + 37, -2*z = 2*q - 4. What is the units digit of q?
5
Let y(z) = -z. Let w(p) = -p**2 + 9*p - 1. Let c(s) = 4*w(s) + 28*y(s). Let a(x) = -x**2 + x + 1. Let n(d) = 3*a(d) - c(d). What is the units digit of n(5)?
7
Let z be 15/2*110/(-5). Let t be ((-2)/(-1))/((-6)/z). Suppose 5*k + 15 = t. What is the units digit of k?
8
Let z(s) be the third derivative of 0*s + 0*s**5 + 1/60*s**6 - 1/8*s**4 + s**2 + 1/3*s**3 + 0. What is the units digit of z(2)?
2
Suppose -16 = -2*k - 2*r, 4*k = -2*r - 3*r + 27. What is the units digit of k?
3
Suppose -3*n + 0*n = 4*o - 210, 5*o + 183 = 3*n. What is the tens digit of n?
6
Let r(t) be the third derivative of t**4/24 - t**3/6 + t**2. Let j be r(3). Suppose 0 = 5*o - j*o - 48. What is the units digit of o?
6
Suppose 2*n = 2 + 2. What is the units digit of ((-8)/2)/n*-5?
0
Suppose 81 = 5*r + 4*s, -9 = -3*r + 3*s + 45. What is the tens digit of r?
1
Let p(n) = n**3 + 7*n**2 - n - 4. Let j be p(-7). What is the units digit of 3*1/(-2 + j)?
3
Suppose 3*k = -2*o + 79, -3*o - 2*k = -45 - 61. What is the tens digit of o?
3
Let c be ((-25)/10)/(2/(-4)). Suppose -5*u + l + 9 = 0, -3 + 6 = -c*u - 2*l. What is the tens digit of u/(3/(-135)*-3)?
1
Let i(g) be the second derivative of g**5/20 + g**4/12 - g**3/6 + 9*g**2/2 - 2*g. Let q be i(0). Let p = -3 + q. What is the units digit of p?
6
Let a be -6 + (1 - 4/(-2)). Let q(y) = -y**2 - 3*y + 2. What is the units digit of q(a)?
2
What is the tens digit of (-2 - -55) + (-1)/(-1)?
5
Suppose o = -3*r + 58, -6 = -r - 0*r + 3*o. Suppose r = -3*j - 0*j. What is the units digit of 0/((-6)/2) - j?
6
Let b(x) = -19*x - 26. What is the tens digit of b(-15)?
5
Let x(o) = o**3 + 6*o**2 + 4*o + 3. Let n(a) = a**3 + 6*a**2 + 5*a + 4. Let s(f) = -3*n(f) + 4*x(f). What is the units digit of s(-5)?
0
Let l = -4 + 3. Let p be (4 - 3)*(l + 2). What is the units digit of p + (0 + -3 - -9)?
7
Let p be -9 - -1 - 2/(-1). Let y be (-3)/(-5) + 28/(-5). Let l = y - p. What is the units digit of l?
1
Let k(b)